{"id":10,"date":"2022-05-09T08:25:38","date_gmt":"2022-05-09T08:25:38","guid":{"rendered":"http:\/\/new.rm-mpi.si\/?page_id=10"},"modified":"2023-06-01T11:47:32","modified_gmt":"2023-06-01T11:47:32","slug":"osnovne-informacije","status":"publish","type":"page","link":"https:\/\/www.rm-mpi.si\/index.php\/osnovne-informacije\/","title":{"rendered":"OSNOVNE INFORMACIJE"},"content":{"rendered":"<p>[vc_row][vc_column][google_map height=&#8221;350&#8243; dynamic_src=&#8221;https:\/\/www.google.com\/maps\/embed?pb=!1m18!1m12!1m3!1d2747.295748003029!2d14.866040752137172!3d46.48245597902378!2m3!1f0!2f0!3f0!3m2!1i1024!2i768!4f13.1!3m3!1m2!1s0x476ff87a6fb4fbff%3A0x491dd30f7b315714!2zxb1lcmphdiA3OSwgMjM5MyDEjHJuYSBuYSBLb3JvxaFrZW0!5e0!3m2!1ssl!2ssi!4v1652084798409!5m2!1ssl!2ssi&#8220;&#8221;][\/vc_column][\/vc_row][vc_row][vc_column][vc_column_text]<\/p>\n<h1 class=\"wp-block-heading\">MPI &#8211; recikla\u017ea d.o.o.<\/h1>\n<p>\u017derjav 79<\/p>\n<p>SI-2393 \u010crna na Koro\u0161kem<\/p>\n<p>Popolni naziv podjetja: <strong>MPI &#8211; RECIKLA\u017dA METALURGIJA , PLASTIKA IN IN\u017dENIRING D.O.O.\u00a0<\/strong><\/p>\n<p><br \/>\n<br \/>\n<\/p>\n<p>Mati\u010dna \u0161tevilka: 5040949000<\/p>\n<p>Dav\u010dna \u0161tevilka: 48328545<\/p>\n<p>Transakcijski ra\u010dun (TRR):02470-0019630402 pri NLB d.d. Ljubljana<\/p>\n<p><strong>Tajni\u0161tvo<\/strong><br \/>\n<span class=\"circle\"><i class=\"moon-phone-4\" style=\"color: #dd3333 !important;\"><\/i>\u00a0\u00a0<\/span><a style=\"color: #dd3333 !important;\" href=\"tel:+38628702300\">+38628702300<\/a><br \/>\n<span class=\"circle\"><i class=\"linecon-icon-mail\" style=\"color: #dd3333 !important;\"><\/i>\u00a0\u00a0<\/span><a style=\"color: #dd3333 !important;\" href=\"info@tab.si\">info@tab.si<\/a><br \/>\n[\/vc_column_text][vc_column_text]<\/p>\n<p>&nbsp;<\/p>\n<div class=\"wp-block-media-text is-stacked-on-mobile\" style=\"grid-template-columns: 19% auto;\">\n<figure class=\"wp-block-media-text__media\"><a href=\"https:\/\/rm-mpi.prijavitelj.si\/\" target=\"_blank\" rel=\"noreferrer noopener\"><img decoding=\"async\" class=\"wp-image-12787 size-full\" src=\"https:\/\/www.tab.si\/wp-content\/uploads\/2023\/05\/Hand-click-icon-.-pointer-icon-.png\" alt=\"\" \/><\/a><\/figure>\n<p>&nbsp;<\/p>\n<div class=\"wp-block-media-text__content\">\n<p class=\"has-normal-font-size\">ZA\u0160\u010cITA PRIJAVITELJEV \/ ZAKON O ZA\u0160\u010cITI PRIJAVITELJEV \/ PRIJAVA KR\u0160ITEV V DELOVNEM OKOLJU<\/p>\n\n<div class=\"wp-block-buttons\">\n<div class=\"wp-block-button\"><a class=\"wp-block-button__link\" href=\"https:\/\/tab.prijavitelj.si\/\" target=\"_blank\" rel=\"noreferrer noopener\">DODATNE INFORMACIJE<\/a><\/div>\n<p><\/div>\n<!-- \/wp:buttons -->\n<\/div>\n<\/div>\n<!-- \/wp:media-text -->\n<p>&nbsp;<\/p>\n<!-- wp:buttons -->\n<div class=\"wp-block-buttons\"><!-- wp:button \/--><\/div>\n<!-- \/wp:buttons -->\n<p>&nbsp;<\/p>\n<!-- wp:paragraph --><!-- \/wp:paragraph -->\n<p>&nbsp;<\/p>\n<p>[\/vc_column_text][\/vc_column][\/vc_row]<\/p>\n","protected":false},"excerpt":{"rendered":"<p>[vc_row][vc_column][google_map height=&#8221;350&#8243; dynamic_src=&#8221;https:\/\/www.google.com\/maps\/embed?pb=!1m18!1m12!1m3!1d2747.295748003029!2d14.866040752137172!3d46.48245597902378!2m3!1f0!2f0!3f0!3m2!1i1024!2i768!4f13.1!3m3!1m2!1s0x476ff87a6fb4fbff%3A0x491dd30f7b315714!2zxb1lcmphdiA3OSwgMjM5MyDEjHJuYSBuYSBLb3JvxaFrZW0!5e0!3m2!1ssl!2ssi!4v1652084798409!5m2!1ssl!2ssi&#8220;&#8221;][\/vc_column][\/vc_row][vc_row][vc_column][vc_column_text] MPI &#8211; recikla\u017ea d.o.o. \u017derjav 79 SI-2393 \u010crna na Koro\u0161kem Popolni naziv podjetja: MPI &#8211; RECIKLA\u017dA METALURGIJA , PLASTIKA IN IN\u017dENIRING D.O.O.\u00a0 Mati\u010dna \u0161tevilka: 5040949000 Dav\u010dna \u0161tevilka: 48328545 Transakcijski ra\u010dun (TRR):02470-0019630402 pri NLB d.d. Ljubljana Tajni\u0161tvo \u00a0\u00a0+38628702300 \u00a0\u00a0info@tab.si [\/vc_column_text][vc_column_text] &nbsp; &nbsp; ZA\u0160\u010cITA PRIJAVITELJEV \/ ZAKON O ZA\u0160\u010cITI PRIJAVITELJEV \/ PRIJAVA KR\u0160ITEV V [&hellip;]<\/p>\n","protected":false},"author":1,"featured_media":142,"parent":0,"menu_order":0,"comment_status":"closed","ping_status":"closed","template":"","meta":{"footnotes":""},"_links":{"self":[{"href":"https:\/\/www.rm-mpi.si\/index.php\/wp-json\/wp\/v2\/pages\/10"}],"collection":[{"href":"https:\/\/www.rm-mpi.si\/index.php\/wp-json\/wp\/v2\/pages"}],"about":[{"href":"https:\/\/www.rm-mpi.si\/index.php\/wp-json\/wp\/v2\/types\/page"}],"author":[{"embeddable":true,"href":"https:\/\/www.rm-mpi.si\/index.php\/wp-json\/wp\/v2\/users\/1"}],"replies":[{"embeddable":true,"href":"https:\/\/www.rm-mpi.si\/index.php\/wp-json\/wp\/v2\/comments?post=10"}],"version-history":[{"count":15,"href":"https:\/\/www.rm-mpi.si\/index.php\/wp-json\/wp\/v2\/pages\/10\/revisions"}],"predecessor-version":[{"id":201,"href":"https:\/\/www.rm-mpi.si\/index.php\/wp-json\/wp\/v2\/pages\/10\/revisions\/201"}],"wp:featuredmedia":[{"embeddable":true,"href":"https:\/\/www.rm-mpi.si\/index.php\/wp-json\/wp\/v2\/media\/142"}],"wp:attachment":[{"href":"https:\/\/www.rm-mpi.si\/index.php\/wp-json\/wp\/v2\/media?parent=10"}],"curies":[{"name":"wp","href":"https:\/\/api.w.org\/{rel}","templated":true}]}}